{"id":13936,"date":"2023-06-13T11:32:39","date_gmt":"2023-06-13T11:32:39","guid":{"rendered":"https:\/\/me.rks-gov.net\/njpmnp\/?page_id=13936"},"modified":"2026-04-24T07:42:49","modified_gmt":"2026-04-24T07:42:49","slug":"kompania-e-ujitjes-radoniqi-dukagjini-sh-a-vendimet-e-qeverise-dhe-ministrise-per-ndermarrjet-publike","status":"publish","type":"page","link":"https:\/\/me.rks-gov.net\/njpmnp\/kompania-e-ujitjes-radoniqi-dukagjini-sh-a-vendimet-e-qeverise-dhe-ministrise-per-ndermarrjet-publike\/","title":{"rendered":"Kompania e Ujitjes Drini i Bardh\u00eb sh.a. \u2013 Vendimet e Qeveris\u00eb dhe Ministris\u00eb p\u00ebr Nd\u00ebrmarrjet Publike"},"content":{"rendered":"\r\n<h3>Kompania e Ujitjes Drini i Bardh\u00eb sh.a. \u2013 Vendimet e Qeveris\u00eb dhe Ministris\u00eb p\u00ebr Nd\u00ebrmarrjet Publike<\/h3>\r\n\r\n\r\n<hr class=\"wp-block-separator has-text-color has-alpha-channel-opacity has-background is-style-wide\" style=\"background-color: #abb7c29c; color: #abb7c29c;\" \/>\r\n\r\n\r\n\r\n\r\n<div aria-hidden=\"true\">\u00a0<\/div>\r\n<div class=\"wp-block-spacer\" style=\"height: 30px;\" aria-hidden=\"true\">\u00a01<a href=\"https:\/\/me.rks-gov.net\/njpmnp\/wp-content\/uploads\/sites\/3\/2026\/04\/Vendim-i-emrimit-te-Bordit-Ujitja-Drini-i-Bardh-Peje-2024-1.pdf\">-Vendim i emrimit te Bordit Ujitja Drini i Bardh Peje 2024<\/a><\/div>\r\n<div aria-hidden=\"true\">\u00a0<\/div>\r\n<div aria-hidden=\"true\"><a href=\"https:\/\/me.rks-gov.net\/njpmnp\/wp-content\/uploads\/sites\/3\/2026\/04\/Vendim-per-emerimin-e-Komisionit-te-Auditimit-ne-NP-Drini-i-Bardhe-2024-1.pdf\">Vendim per emerimin e Komisionit te Auditimit ne NP Drini i Bardhe 2024<\/a><\/div>\r\n<div aria-hidden=\"true\">\u00a0<\/div>\r\n<div aria-hidden=\"true\">\u00a0<\/div>\r\n<p><!-- \/wp:spacer -->\r\n\r\n<!-- wp:separator {\"style\":{\"color\":{\"background\":\"#abb7c2bf\"}},\"className\":\"is-style-wide\"} --><\/p>\r\n<hr class=\"wp-block-separator has-text-color has-alpha-channel-opacity has-background is-style-wide\" style=\"background-color: #abb7c2bf; color: #abb7c2bf;\" \/>\r\n<p><!-- \/wp:separator -->\r\n\r\n<!-- wp:spacer {\"height\":\"30px\"} --><\/p>\r\n<div class=\"wp-block-spacer\" style=\"height: 30px;\" aria-hidden=\"true\">\u00a0<\/div>\r\n<p><!-- \/wp:spacer -->\r\n\r\n<!-- wp:filebird\/document-library {\"request\":{\"pagination\":{\"current\":1,\"limit\":10},\"search\":\"\",\"orderBy\":\"post_title\",\"orderType\":\"DESC\",\"selectedFolder\":[\"1724\"]},\"layout\":\"list\",\"title\":\"Viti 2021\"} \/-->\r\n\r\n<!-- wp:spacer {\"height\":\"30px\"} --><\/p>\r\n<div class=\"wp-block-spacer\" style=\"height: 30px;\" aria-hidden=\"true\">\u00a0<\/div>\r\n<p><!-- \/wp:spacer -->\r\n\r\n<!-- wp:separator {\"style\":{\"color\":{\"background\":\"#abb7c2bf\"}},\"className\":\"is-style-wide\"} --><\/p>\r\n<hr class=\"wp-block-separator has-text-color has-alpha-channel-opacity has-background is-style-wide\" style=\"background-color: #abb7c2bf; color: #abb7c2bf;\" \/>\r\n<p><!-- \/wp:separator -->\r\n\r\n<!-- wp:spacer {\"height\":\"30px\"} --><\/p>\r\n<div class=\"wp-block-spacer\" style=\"height: 30px;\" aria-hidden=\"true\">\u00a0<\/div>\r\n<p><!-- \/wp:spacer -->\r\n\r\n<!-- wp:filebird\/document-library {\"request\":{\"pagination\":{\"current\":1,\"limit\":10},\"search\":\"\",\"orderBy\":\"post_title\",\"orderType\":\"DESC\",\"selectedFolder\":[\"1723\"]},\"layout\":\"list\",\"title\":\"Viti 2020\"} \/-->\r\n\r\n<!-- wp:spacer {\"height\":\"30px\"} --><\/p>\r\n<div class=\"wp-block-spacer\" style=\"height: 30px;\" aria-hidden=\"true\">\u00a0<\/div>\r\n<p><!-- \/wp:spacer -->\r\n\r\n<!-- wp:separator {\"style\":{\"color\":{\"background\":\"#abb7c2bf\"}},\"className\":\"is-style-wide\"} --><\/p>\r\n<hr class=\"wp-block-separator has-text-color has-alpha-channel-opacity has-background is-style-wide\" style=\"background-color: #abb7c2bf; color: #abb7c2bf;\" \/>\r\n<p><!-- \/wp:separator -->\r\n\r\n<!-- wp:spacer {\"height\":\"30px\"} --><\/p>\r\n<div class=\"wp-block-spacer\" style=\"height: 30px;\" aria-hidden=\"true\">\u00a0<\/div>\r\n<p><!-- \/wp:spacer -->\r\n\r\n<!-- wp:filebird\/document-library {\"request\":{\"pagination\":{\"current\":1,\"limit\":10},\"search\":\"\",\"orderBy\":\"post_title\",\"orderType\":\"DESC\",\"selectedFolder\":[\"1722\"]},\"layout\":\"list\",\"title\":\"Viti 2019\"} \/-->\r\n\r\n<!-- wp:spacer {\"height\":\"30px\"} --><\/p>\r\n<div class=\"wp-block-spacer\" style=\"height: 30px;\" aria-hidden=\"true\">\u00a0<\/div>\r\n<p><!-- \/wp:spacer -->\r\n\r\n<!-- wp:separator {\"style\":{\"color\":{\"background\":\"#abb7c2bf\"}},\"className\":\"is-style-wide\"} --><\/p>\r\n<hr class=\"wp-block-separator has-text-color has-alpha-channel-opacity has-background is-style-wide\" style=\"background-color: #abb7c2bf; color: #abb7c2bf;\" \/>\r\n<p><!-- \/wp:separator -->\r\n\r\n<!-- wp:spacer {\"height\":\"30px\"} --><\/p>\r\n<div class=\"wp-block-spacer\" style=\"height: 30px;\" aria-hidden=\"true\">\u00a0<\/div>\r\n<p><!-- \/wp:spacer -->\r\n\r\n<!-- wp:filebird\/document-library {\"request\":{\"pagination\":{\"current\":1,\"limit\":10},\"search\":\"\",\"orderBy\":\"post_title\",\"orderType\":\"DESC\",\"selectedFolder\":[\"1721\"]},\"layout\":\"list\",\"title\":\"Viti 2018\"} \/-->\r\n\r\n<!-- wp:spacer {\"height\":\"30px\"} --><\/p>\r\n<div class=\"wp-block-spacer\" style=\"height: 30px;\" aria-hidden=\"true\">\u00a0<\/div>\r\n<p><!-- \/wp:spacer -->\r\n\r\n<!-- wp:separator {\"style\":{\"color\":{\"background\":\"#abb7c2bf\"}},\"className\":\"is-style-wide\"} --><\/p>\r\n<hr class=\"wp-block-separator has-text-color has-alpha-channel-opacity has-background is-style-wide\" style=\"background-color: #abb7c2bf; color: #abb7c2bf;\" \/>\r\n<p><!-- \/wp:separator -->\r\n\r\n<!-- wp:spacer {\"height\":\"30px\"} --><\/p>\r\n<div class=\"wp-block-spacer\" style=\"height: 30px;\" aria-hidden=\"true\">\u00a0<\/div>\r\n<p><!-- \/wp:spacer -->\r\n\r\n<!-- wp:filebird\/document-library {\"request\":{\"pagination\":{\"current\":1,\"limit\":10},\"search\":\"\",\"orderBy\":\"post_title\",\"orderType\":\"DESC\",\"selectedFolder\":[\"1720\"]},\"layout\":\"list\",\"title\":\"Viti 2017\"} \/--><\/p>","protected":false},"excerpt":{"rendered":"<p>Kompania e Ujitjes Drini i Bardh\u00eb sh.a. \u2013 Vendimet e [&hellip;]<\/p>\n","protected":false},"author":1,"featured_media":0,"parent":0,"menu_order":0,"comment_status":"closed","ping_status":"closed","template":"","meta":{"pgc_sgb_lightbox_settings":""},"_links":{"self":[{"href":"https:\/\/me.rks-gov.net\/njpmnp\/wp-json\/wp\/v2\/pages\/13936"}],"collection":[{"href":"https:\/\/me.rks-gov.net\/njpmnp\/wp-json\/wp\/v2\/pages"}],"about":[{"href":"https:\/\/me.rks-gov.net\/njpmnp\/wp-json\/wp\/v2\/types\/page"}],"author":[{"embeddable":true,"href":"https:\/\/me.rks-gov.net\/njpmnp\/wp-json\/wp\/v2\/users\/1"}],"replies":[{"embeddable":true,"href":"https:\/\/me.rks-gov.net\/njpmnp\/wp-json\/wp\/v2\/comments?post=13936"}],"version-history":[{"count":18,"href":"https:\/\/me.rks-gov.net\/njpmnp\/wp-json\/wp\/v2\/pages\/13936\/revisions"}],"predecessor-version":[{"id":14073,"href":"https:\/\/me.rks-gov.net\/njpmnp\/wp-json\/wp\/v2\/pages\/13936\/revisions\/14073"}],"wp:attachment":[{"href":"https:\/\/me.rks-gov.net\/njpmnp\/wp-json\/wp\/v2\/media?parent=13936"}],"curies":[{"name":"wp","href":"https:\/\/api.w.org\/{rel}","templated":true}]}}