{"id":13275,"date":"2023-06-10T09:27:07","date_gmt":"2023-06-10T09:27:07","guid":{"rendered":"https:\/\/me.rks-gov.net\/njpmnp\/?page_id=13275"},"modified":"2023-07-28T13:00:00","modified_gmt":"2023-07-28T13:00:00","slug":"trepca-sh-a-raportet-e-kenaqshmerise-se-konsumatorit","status":"publish","type":"page","link":"https:\/\/me.rks-gov.net\/njpmnp\/trepca-sh-a-raportet-e-kenaqshmerise-se-konsumatorit\/","title":{"rendered":"Trep\u00e7a sh.a. \u2013 Raportet e K\u00ebnaqshm\u00ebris\u00eb s\u00eb konsumatorit"},"content":{"rendered":"<h3>Trep\u00e7a sh.a. \u2013 Raportet e K\u00ebnaqshm\u00ebris\u00eb s\u00eb konsumatorit<\/h3>\n<p><strong>Trep\u00e7a. sh.a nuk ofron sh\u00ebrbime unversale p\u00ebr konsumator\u00eb.\u00a0 \u00a0\u00a0<\/strong><\/p>\n","protected":false},"excerpt":{"rendered":"<p>Trep\u00e7a sh.a. \u2013 Raportet e K\u00ebnaqshm\u00ebris\u00eb s\u00eb konsumatorit Trep\u00e7a. sh.a [&hellip;]<\/p>\n","protected":false},"author":1,"featured_media":0,"parent":0,"menu_order":0,"comment_status":"closed","ping_status":"closed","template":"","meta":{"pgc_sgb_lightbox_settings":""},"_links":{"self":[{"href":"https:\/\/me.rks-gov.net\/njpmnp\/wp-json\/wp\/v2\/pages\/13275"}],"collection":[{"href":"https:\/\/me.rks-gov.net\/njpmnp\/wp-json\/wp\/v2\/pages"}],"about":[{"href":"https:\/\/me.rks-gov.net\/njpmnp\/wp-json\/wp\/v2\/types\/page"}],"author":[{"embeddable":true,"href":"https:\/\/me.rks-gov.net\/njpmnp\/wp-json\/wp\/v2\/users\/1"}],"replies":[{"embeddable":true,"href":"https:\/\/me.rks-gov.net\/njpmnp\/wp-json\/wp\/v2\/comments?post=13275"}],"version-history":[{"count":4,"href":"https:\/\/me.rks-gov.net\/njpmnp\/wp-json\/wp\/v2\/pages\/13275\/revisions"}],"predecessor-version":[{"id":14953,"href":"https:\/\/me.rks-gov.net\/njpmnp\/wp-json\/wp\/v2\/pages\/13275\/revisions\/14953"}],"wp:attachment":[{"href":"https:\/\/me.rks-gov.net\/njpmnp\/wp-json\/wp\/v2\/media?parent=13275"}],"curies":[{"name":"wp","href":"https:\/\/api.w.org\/{rel}","templated":true}]}}